me factors of 464.
2, 29
What are the prime factors of 107608?
2, 13451
List the prime factors of 1247.
29, 43
What are the prime factors of 11263?
7, 1609
List the prime factors of 2937.
3, 11, 89
List the prime factors of 23131.
23131
What are the prime factors of 7411?
7411
List the prime factors of 34142.
2, 43, 397
List the prime factors of 4960.
2, 5, 31
What are the prime factors of 37512?
2, 3, 521
What are the prime factors of 7676?
2, 19, 101
What are the prime factors of 2849?
7, 11, 37
What are the prime factors of 28494?
2, 3, 1583
List the prime factors of 2098.
2, 1049
List the prime factors of 995.
5, 199
List the prime factors of 4408.
2, 19, 29
List the prime factors of 1999.
1999
What are the prime factors of 21271?
89, 239
List the prime factors of 33792.
2, 3, 11
What are the prime factors of 830?
2, 5, 83
What are the prime factors of 809?
809
List the prime factors of 1653.
3, 19, 29
What are the prime factors of 139942?
2, 11, 6361
What are the prime factors of 22?
2, 11
List the prime factors of 6478.
2, 41, 79
List the prime factors of 30818.
2, 19, 811
What are the prime factors of 5004?
2, 3, 139
List the prime factors of 243.
3
What are the prime factors of 4161?
3, 19, 73
What are the prime factors of 4318?
2, 17, 127
What are the prime factors of 2972?
2, 743
List the prime factors of 1083.
3, 19
What are the prime factors of 64189?
64189
List the prime factors of 3121.
3121
List the prime factors of 1988.
2, 7, 71
List the prime factors of 6021.
3, 223
List the prime factors of 4496.
2, 281
What are the prime factors of 37963?
37963
List the prime factors of 18377.
17, 23, 47
List the prime factors of 9147.
3, 3049
What are the prime factors of 7780?
2, 5, 389
List the prime factors of 55577.
149, 373
List the prime factors of 41998.
2, 11, 23, 83
What are the prime factors of 21989?
11, 1999
List the prime factors of 23679.
3, 877
List the prime factors of 10816.
2, 13
What are the prime factors of 28?
2, 7
What are the prime factors of 15766?
2, 7883
What are the prime factors of 1528?
2, 191
List the prime factors of 1727.
11, 157
What are the prime factors of 2158?
2, 13, 83
What are the prime factors of 63287?
7, 9041
List the prime factors of 8701.
7, 11, 113
List the prime factors of 54494.
2, 11, 2477
List the prime factors of 41005.
5, 59, 139
List the prime factors of 4983.
3, 11, 151
List the prime factors of 13313.
13313
What are the prime factors of 3218?
2, 1609
What are the prime factors of 84359?
11, 7669
What are the prime factors of 57950?
2, 5, 19, 61
List the prime factors of 6757.
29, 233
List the prime factors of 19295.
5, 17, 227
What are the prime factors of 22293?
3, 2477
What are the prime factors of 4236?
2, 3, 353
List the prime factors of 21833.
7, 3119
What are the prime factors of 14916?
2, 3, 11, 113
List the prime factors of 15083.
15083
List the prime factors of 5580.
2, 3, 5, 31
List the prime factors of 14164.
2, 3541
What are the prime factors of 5460?
2, 3, 5, 7, 13
List the prime factors of 1576.
2, 197
List the prime factors of 2235.
3, 5, 149
What are the prime factors of 6603?
3, 31, 71
List the prime factors of 1534.
2, 13, 59
List the prime factors of 39881.
19, 2099
What are the prime factors of 13697?
13697
What are the prime factors of 3630?
2, 3, 5, 11
What are the prime factors of 2482?
2, 17, 73
List the prime factors of 85060.
2, 5, 4253
What are the prime factors of 32769?
3, 11, 331
What are the prime factors of 3350?
2, 5, 67
List the prime factors of 120641.
120641
What are the prime factors of 41924?
2, 47, 223
What are the prime factors of 636?
2, 3, 53
What are the prime factors of 3348?
2, 3, 31
What are the prime factors of 36368?
2, 2273
List the prime factors of 23021.
23021
List the prime factors of 68356.
2, 23, 743
List the prime factors of 2360.
2, 5, 59
List the prime factors of 2906.
2, 1453
What are the prime factors of 1156?
2, 17
List the prime factors of 95888.
2, 13, 461
What are the prime factors of 965?
5, 193
List the prime factors of 1189.
29, 41
What are the prime factors of 9152?
2, 11, 13
What are the prime factors of 128?
2
What are the prime factors of 800?
2, 5
List the prime factors of 10445.
5, 2089
List the prime factors of 505.
5, 101
List the prime factors of 25783.
19, 23, 59
List the prime factors of 93039.
3, 31013
What are the prime factors of 1646?
2, 823
List the prime factors of 2671.
2671
List the prime factors of 3638.
2, 17, 107
List the prime factors of 68060.
2, 5, 41, 83
List the prime factors of 389.
389
List the prime factors of 69501.
3, 23167
What are the prime factors of 18875?
5, 151
What are the prime factors of 5626?
2, 29, 97
List the prime factors of 18817.
31, 607
List the prime factors of 11340.
2, 3, 5, 7
What are the prime factors of 3741?
3, 29, 43
What are the prime factors of 16425?
3, 5, 73
List the prime factors of 9589.
43, 223
What are the prime factors of 14568?
2, 3, 607
What are the prime factors of 1597?
1597
List the prime factors of 3917.
3917
List the prime factors of 1509.
3, 503
What are the prime factors of 1345?
5, 269
List the prime factors of 28103.
157, 179
What are the prime factors of 5554?
2, 2777
What are the prime factors of 125877?
3, 41959
List the prime factors of 2506.
2, 7, 179
List the prime factors of 14347.
14347
List the prime factors of 340.
2, 5, 17
What are the prime factors of 23482?
2, 59, 199
List the prime factors of 40235.
5, 13, 619
List the prime factors of 1493.
1493
What are the prime factors of 52164?
2, 3, 7, 23
What are the prime factors of 174980?
2, 5, 13, 673
What are the prime factors of 16826?
2, 47, 179
List the prime factors of 939.
3, 313
List the prime factors of 109833.
3, 31, 1181
What are the prime factors of 3040?
2, 5, 19
List the prime factors of 16191.
3, 7, 257
List the prime factors of 38188.
2, 9547
List the prime factors of 4061.
31, 131
What are the prime factors of 2119?
13, 163
What are the prime factors of 1456?
2, 7, 13
What are the prime factors of 4227?
3, 1409
What are the prime factors of 2784?
2, 3, 29
What are the prime factors of 33731?
89, 379
List the prime factors of 1129.
1129
What are the prime factors of 3950?
2, 5, 79
What are the prime factors of 2077?
31, 67
List the prime factors of 1807.
13, 139
What are the prime factors of 5178?
2, 3, 863
List the prime factors of 13568.
2, 53
What are the prime factors of 4146?
2, 3, 691
List the prime factors of 1500.
2, 3, 5
List the prime factors of 23313.
3, 19, 409
List the prime factors of 6954.
2, 3, 19, 61
What are the prime factors of 11002?
2, 5501
List the prime factors of 3721.
61
List the prime factors of 7976.
2, 997
What are the prime factors of 171603?
3, 23, 829
List the prime factors of 1744.
2, 109
What are the prime factors of 4692?
2, 3, 17, 23
What are the prime factors of 74732?
2, 7, 17, 157
What are the prime factors of 6844?
2, 29, 59
What are the prime factors of 24509?
24509
List the prime factors of 13610.
2, 5, 1361
List the prime factors of 71383.
13, 17, 19
List the prime factors of 6715.
5, 17, 79
What are the prime factors of 4596?
2, 3, 383
What are the prime factors of 22321?
13, 17, 101
What are the prime factors of 4693?
13, 19
What are the prime factors of 1150?
2, 5, 23
What are the prime factors of 4521?
3, 11, 137
List the prime factors of 8817.
3, 2939
List the prime factors of 35760.
2, 3, 5, 149
What are the prime factors of 1486?
2, 743
List the prime factors of 66819.
3, 22273
What are the prime factors of 6899?
6899
List the prime factors of 83.
83
List the prime factors of 6438.
2, 3, 29, 37
List the prime factors of 70958.
2, 17, 2087
List the prime factors of 10641.
3, 3547
What are the prime factors of 43209?
3, 4801
List the prime factors of 1851.
3, 617
What are the prime factors of 217?
7, 31
What are the prime factors of 1896?
2, 3, 79
List the prime factors of 3609.
3, 401
What are the prime factors of 50321?
50321
What are the prime factors of 15246?
2, 3, 7, 11
List the prime factors of 741.
3, 13, 19
List the prime factors of 8489.
13, 653
List the prime factors of 11479.
13, 883
What are the prime factors of 2241?
3, 83
What are the prime factors of 12399?
3, 4133
What are the prime factors of 4698?
2, 3, 2